hat is the hundreds digit of (148/(-20) + w)/(1/(-2220))?
8
What is the tens digit of (-2494)/(-11223) - 206630/(-6)*4/30?
9
Let n(r) = r**3 + r**2 - 2*r + 1410. Let u be n(0). Suppose -32*m + u = -27*m. What is the hundreds digit of m?
2
Suppose -2*g + 31 = 25. Let t be 60/(-18) + g - (-32)/6. Suppose -t*w - 211 + 1256 = 0. What is the tens digit of w?
0
Suppose 0 = 4*x - 4*k - 464, -32*x - 324 = -35*x - 3*k. Suppose -93*s - 10108 = -x*s. What is the units digit of s?
2
Let c(i) = -6134*i - 16560. What is the thousands digit of c(-16)?
1
What is the units digit of (6756568/546)/((-8)/(-6))?
1
Suppose 32*d - 28*d - 3280 = 0. Suppose 7*f + d = 2430. Let z = f + -90. What is the hundreds digit of z?
1
Suppose 0*b - 2*b - 12 = -4*q, -b = 2*q - 2. Let m be ((-402)/(-18) + -5)*(q - -1). Let s = 134 - m. What is the tens digit of s?
8
Let f(t) = 77*t + 313 + 101*t + 78*t + 61*t - 266*t. What is the hundreds digit of f(16)?
1
Suppose -3 + 3 = -15*c. Suppose -5*l + 2*v + 4840 - 785 = c, 5*l + 2*v - 4075 = 0. What is the units digit of l?
3
Suppose 5*o = -5*q - 6075, 2*o + 6065 = -3*o - 3*q. Let t be o/(-25) + (-1 - (-3)/5). Let d = t - -7. What is the tens digit of d?
5
Let o(m) = 45 + 76 - 24 - 18*m. What is the tens digit of o(-18)?
2
Suppose 62 = 5*d + 17. Suppose d*c + 860 = 4028. What is the units digit of c?
2
Let s = 4846 + -4266. What is the units digit of s?
0
Let u = -16 + 19. Suppose -3*h - 2*z = -11563, 0 = 4*h - u*z - 14266 - 1174. What is the units digit of 9/(-12) + h/28?
7
Let v be (25 + -20)/(10/(-12)). What is the tens digit of v - (-2 - 434 - -5)?
2
Let i = -1567 - -1646. Let w(h) = h**2 + 7*h - 1. Let k be w(-6). Let c = i - k. What is the tens digit of c?
8
Suppose 3*x + 3*k - 5893 - 2012 = 0, 5*x - 4*k = 13220. What is the thousands digit of x?
2
Let k(r) be the first derivative of r**4/4 - 13*r**3/3 + 23*r**2/2 - 15*r + 15. Let j be k(11). What is the units digit of 4/(j - 0)*(-49 + -2)?
1
Let d be 2/(-14)*(-2)/((-14)/(-49)). What is the hundreds digit of (d - -1)/(8*(-7)/(-29792))?
0
Suppose -850*f + 849*f + 8759 = -5352. What is the ten thousands digit of f?
1
What is the ten thousands digit of 174241/4 + (-450)/(-600)?
4
Suppose 2*n = -2*y + 6027 + 3603, y - 4824 = -4*n. What is the thousands digit of y?
4
Let r be (-10829)/(-136) - (-6)/16. Suppose 770 = -r*j + 82*j. What is the units digit of j?
5
Let b(i) = 2*i**2 + 30*i + 5. Let t be b(-15). Suppose -4*s - 3*r + 5631 = -s, -1897 = -s - t*r. What is the tens digit of s?
7
Let z(q) = 7039*q**3 - 5*q**2 + 5*q - 1. Let u be z(1). What is the tens digit of u/24*2*2?
7
Suppose 0 = 5*a + 5*o - 820, 5*o = -0*a - 2*a + 340. Suppose -34*d = -32*d - a. What is the tens digit of d?
8
Suppose 0 = 2*k + 5*w - 7178 - 1859, 0 = 4*w + 4. What is the thousands digit of k?
4
Let a(u) = -2*u**3 + u**2 + 13*u + 9. Let o be a(-4). What is the units digit of 2 + -8 + -23 + o?
2
Suppose 8*n - 10*n - 458 = -u, -5*n - 1847 = -4*u. Let t = 230 + u. What is the hundreds digit of t?
6
Let x = -34 - -84. Let l = x + -45. Suppose 480 - 135 = 3*d - l*m, 4*d - 449 = 3*m. What is the units digit of d?
0
Let o(b) be the second derivative of b**4/12 + b**3 + 13*b**2/2 - 14*b. Let y be o(-4). Suppose 12*x = y*x + 987. What is the tens digit of x?
4
Let k = -1187 + 1772. Let h = 1253 - k. What is the hundreds digit of h?
6
Let f(d) = -3*d + 22. Let w be f(10). Let o be (-39)/(-4) - w/32. What is the tens digit of o/40 - (-526)/8?
6
Let i(r) = -r**2 + 2*r + 3. Let o be i(4). Let s(c) = 46*c - 34. Let n be s(o). Let l = -43 - n. What is the tens digit of l?
2
Suppose -313 = -5*p - 0*p + 4*j, 3*p = 5*j + 193. Let q = 99 + p. What is the hundreds digit of q?
1
What is the units digit of (8/(-5))/(170/(-379525))?
2
Let o = -189 + 91. What is the hundreds digit of 5 - ((-2)/2 + 4) - o?
1
Suppose 12*x - 82524 - 90329 = -66161. What is the thousands digit of x?
8
Let x = 12149 + 303. What is the thousands digit of x?
2
Suppose 0 = -2*c - 2*c - 8*c. Suppose c = 4*r - 5*z - 581, -3*r = -r - z - 295. What is the tens digit of r?
4
Let w = 695 - 663. What is the tens digit of (-6303)/(-8) + 4/w?
8
Let w = -7055 - -7243. Let y be (-2)/(-4) + (-5)/(-2). Suppose 4*p - g = 2*g + w, -3*g = -y*p + 138. What is the units digit of p?
0
Let l(a) = -2*a + 12. Let s be l(4). Suppose -d + 93 = -3*r - 2*r, 2*d + s*r - 200 = 0. What is the units digit of d?
8
What is the hundreds digit of (1/(4/(-28518)))/(66/(-12) - -5)?
2
Let z(s) = s**2 - 6*s + 14. Let m be z(3). Suppose -m*u + 11 + 14 = 0. Suppose u*r = 7*r - 10. What is the units digit of r?
5
Suppose 0 = -3*v + 3*y - 1140, v - 5*y + 228 + 172 = 0. Let k be (10/14)/(-5) + (-31704)/(-56). Let j = v + k. What is the tens digit of j?
9
Let b = -12501 - -19034. What is the units digit of b?
3
Suppose 21*i = -58 + 310. What is the units digit of i/114 - 7444/(-38)?
6
Let d = 48126 - 37052. What is the units digit of d?
4
Let z = 580 - -858. What is the units digit of z?
8
Let k(b) = 9838*b - 339. What is the hundreds digit of k(1)?
4
Suppose 3749*u - 2*l = 3748*u + 59808, -299104 = -5*u + 2*l. What is the ten thousands digit of u?
5
Let j be 1*27 - (11 + -8). Suppose 3*n = 53 - 113. Let z = n + j. What is the units digit of z?
4
Suppose 0*d = -4*d + 3*d. Suppose -20*x + 23*x - 9 = d. Suppose -5*p = -2*v - 541, 2*v - 333 = -x*p - v. What is the units digit of p?
9
Suppose p - 2 = -2*y, -2*y + 3*y + 6 = 3*p. Suppose y = 4*h + 4*f + 224, -3*h - 146 + 13 = -4*f. What is the units digit of -3 - (-2 + h + (4 - 2))?
8
Let g be (-3)/2*12/(-9). Suppose 0 = s - 5*o - 350 - 66, g*o - 4 = 0. What is the hundreds digit of s?
4
Let y(u) = u**3 - 4*u**2 + 3*u - 8. Let z be y(4). Suppose 176 = z*v + 48. What is the tens digit of (v/(-24))/((-4)/186)?
6
Let q(y) = 3*y**2 + 13*y - 33. Let l be q(3). Suppose -2*v + 269 + l = 0. What is the tens digit of v?
5
Let a = 24577 - 23213. What is the units digit of a?
4
Let b(g) = g**3 - 5*g**2 - 7*g + 8. Let d = -2 + 8. Let z be b(d). Suppose z*a - y - 244 + 63 = 0, 5*a + 3*y = 425. What is the tens digit of a?
8
Let w(k) = 24*k**2 - 38*k - 436. What is the tens digit of w(-11)?
8
Suppose 24*x - 203963 + 2315 = 0. What is the thousands digit of x?
8
Let a(f) = 7*f + 0*f + 23*f**2 - 1 - 10*f. Let u be a(-4). Suppose -3*h + j = h - u, -4*j - 268 = -3*h. What is the units digit of h?
6
Suppose -9 = 3*x, 0 = 3*n + 2*x - 2089 - 3062. What is the hundreds digit of n?
7
Suppose -4*m - 25752 = -2*k, -k - 4*m + 16253 - 3347 = 0. What is the units digit of k?
6
Let l(f) = 45*f - 27. Let q(y) = -2*y. Let c(b) = l(b) + 15*q(b). What is the tens digit of c(3)?
1
Let f = -19460 - -53536. What is the hundreds digit of f?
0
Let w = -2822 + 13197. What is the thousands digit of w?
0
Let r = 13173 + 20965. What is the units digit of r?
8
Suppose q = -b - 435, 5*b + 240 = 5*q - 1965. Let v = b - -826. What is the tens digit of v?
8
What is the tens digit of 1 + 28627 + 58 + -43?
4
Let r(p) = p**3 + 46*p**2 - 96*p - 2639. What is the hundreds digit of r(-34)?
4
Suppose 0 = 4*j + 5*a - 113, -4*j = -6*j - 5*a + 59. Let u = 346 + j. What is the hundreds digit of u?
3
Suppose 5*m - 6*m + 1551 = -5*i, 3109 = 2*m - 3*i. What is the hundreds digit of m?
5
Let u(w) = -6*w**3 + 8*w**2 + 17*w - 12. What is the hundreds digit of u(-8)?
4
Let g = 390 + -382. Suppose -2*m = g - 4, 2*s - m - 1128 = 0. What is the tens digit of s?
6
Let l(v) = -v**2 + 13*v - 29. Let o be l(9). Let f be (-105)/(-1) - (o - 9). Let s = 15 + f. What is the units digit of s?
2
Suppose -3*k - 141 = 60. Let c = 95 - k. What is the units digit of c?
2
Let x(t) = 8*t**2 - 26*t + 36. Let p(o) = 7*o**2 - 25*o + 35. Let c = -2 + 8. Let k(d) = c*x(d) - 7*p(d). What is the units digit of k(12)?
5
Let x = 12462 - 8052. What is the hundreds digit of x?
4
Suppose -9083 = -3*v - 4*a, 6059 = 2*v + 8*a - 9*a. What is the units digit of v?
9
Let f = 126 + -122. Suppose -5*m = -20*u + 24*u - 6880, 4*m + f*u = 5500. What is the units digit of m?
0
Let p = 11733 - 6662. What is the units digit of p?
1
Let a be 46*3/(-6)*6/6. What is the tens digit of (a/92)/(2/(-6248))?
8
Let o = -48 - -50. What is the hundreds digit of (5/((-50)/3485))/(o/(-4))?
6
Let s(v) = -18769*v**3 - 59*v**2 - 46*v + 13. What is the hundreds digit of s(-1)?